49814528 a multiple of 1104?
False
Does 4714 divide 25021640?
False
Does 1381 divide 32662031?
True
Does 30 divide 59929757?
False
Is 126 a factor of 81687312?
True
Does 7 divide 20229699?
True
Is 11361860 a multiple of 89?
False
Does 112 divide 8510544?
True
Is 175 a factor of 32250225?
True
Is 28 a factor of 4230604?
True
Does 11 divide 88460164?
False
Does 8197 divide 253861090?
True
Does 1562 divide 153025820?
False
Is 4705 a factor of 227461057?
False
Is 43255083 a multiple of 2095?
False
Is 35212751 a multiple of 1687?
True
Is 44 a factor of 42076804?
True
Is 33 a factor of 49176963?
True
Is 5325 a factor of 223446331?
False
Is 668816752 a multiple of 8?
True
Is 395 a factor of 116728425?
True
Does 45 divide 19267226?
False
Does 332 divide 2130736917?
False
Does 535 divide 514573175?
False
Does 81 divide 316432409?
False
Is 23 a factor of 574997010?
True
Is 7 a factor of 3149628307?
True
Is 1414 a factor of 93930464?
False
Is 48911210 a multiple of 1462?
True
Is 2701 a factor of 123333062?
True
Does 4426 divide 175544012?
True
Does 13 divide 505200406?
False
Is 31671795 a multiple of 141?
False
Does 891 divide 92066139?
True
Does 2 divide 3072040?
True
Does 11 divide 7367861083?
True
Does 431 divide 105205603?
False
Is 313678835 a multiple of 5?
True
Is 21149034 a multiple of 1687?
False
Is 6876 a factor of 3151711361?
False
Is 2 a factor of 26549588?
True
Is 791584297 a multiple of 9?
False
Is 91 a factor of 25270672?
False
Does 12904 divide 1342751528?
True
Is 10 a factor of 19950960?
True
Is 33498932 a multiple of 47?
False
Does 78 divide 91991250?
True
Is 1192 a factor of 30584336?
True
Is 31 a factor of 2056236784?
False
Is 29 a factor of 675581738?
True
Is 51 a factor of 342948368?
False
Does 165 divide 6677807?
False
Is 324405596 a multiple of 107?
True
Does 56 divide 174499528?
True
Does 4071 divide 1844077509?
True
Is 13 a factor of 160422158?
True
Is 1618974102 a multiple of 2609?
False
Is 189 a factor of 42231745?
False
Is 323 a factor of 31732166?
True
Is 3549906 a multiple of 9?
True
Does 20 divide 133094960?
True
Is 1033174715 a multiple of 157?
False
Does 135 divide 75845782?
False
Is 62 a factor of 149227552?
True
Is 1691479 a multiple of 5?
False
Is 193066904 a multiple of 817?
True
Is 55464192 a multiple of 256?
True
Is 10 a factor of 3207534?
False
Is 530 a factor of 1346145?
False
Does 5640 divide 88232889?
False
Is 16124168 a multiple of 4007?
True
Does 3191 divide 2186387043?
True
Is 1321026264 a multiple of 18?
True
Is 132782328 a multiple of 4?
True
Is 62043683 a multiple of 620?
False
Is 296384353 a multiple of 712?
False
Does 22 divide 1241592?
True
Is 48 a factor of 769235664?
True
Is 14 a factor of 478077053?
False
Is 273 a factor of 26601489?
False
Is 162157015 a multiple of 115?
True
Does 20 divide 2812080?
True
Is 3866640 a multiple of 10?
True
Is 1125537886 a multiple of 25?
False
Does 1459 divide 1837007933?
True
Is 144090535 a multiple of 384?
False
Does 49 divide 17447136?
True
Is 12209 a factor of 84601608?
False
Is 5183555 a multiple of 85?
True
Is 359 a factor of 88009927?
True
Is 1362 a factor of 2105261106?
True
Is 401267756 a multiple of 14?
False
Does 1616 divide 112648157?
False
Does 9 divide 198518337?
True
Is 4 a factor of 5373915?
False
Is 37 a factor of 430008228?
True
Is 71 a factor of 37341101?
True
Does 124 divide 44876468?
True
Is 12417272 a multiple of 413?
False
Does 53 divide 4501388904?
False
Is 18 a factor of 6269436864?
True
Is 52183140 a multiple of 15?
True
Is 49799715 a multiple of 35?
True
Does 16 divide 395078341?
False
Does 970 divide 15018510?
True
Does 45 divide 195254061?
False
Does 16 divide 470717461?
False
Is 11 a factor of 3964851?
True
Is 61905046 a multiple of 43?
False
Is 4729956 a multiple of 84?
True
Does 538 divide 62468256?
True
Is 30 a factor of 2435221181?
False
Is 795736872 a multiple of 6156?
True
Does 3 divide 18960727?
False
Does 14 divide 1561830606?
True
Does 186 divide 163492169?
False
Is 548 a factor of 12673067?
False
Is 17 a factor of 639946844?
True
Is 3100953315 a multiple of 3041?
True
Is 40882348 a multiple of 19?
False
Is 208663352 a multiple of 461?
True
Is 398750245 a multiple of 131?
True
Is 16 a factor of 17472560?
True
Is 8007097 a multiple of 7?
True
Is 5 a factor of 44710375?
True
Does 32 divide 74997515?
False
Is 74855328 a multiple of 31?
True
Is 46207840 a multiple of 51?
False
Is 89 a factor of 221358308?
True
Does 22 divide 4370476?
True
Is 116269110 a multiple of 90?
True
Is 4648 a factor of 34046600?
True
Is 97 a factor of 19257798?
True
Is 7 a factor of 26975111?
False
Is 41827060 a multiple of 341?
True
Does 1023 divide 447545660?
False
Is 14 a factor of 93378684?
True
Is 279649002 a multiple of 466?
False
Is 11472615 a multiple of 121?
True
Is 43858589 a multiple of 145?
False
Is 2 a factor of 124268181?
False
Does 120 divide 377494735?
False
Is 30 a factor of 78825972?
False
Is 6698363 a multiple of 11?
False
Is 23336708 a multiple of 5?
False
Is 18 a factor of 7756578?
True
Is 279948746 a multiple of 22?
True
Is 12 a factor of 213991920?
True
Does 9 divide 102560017?
False
Is 98673576 a multiple of 34?
True
Is 141 a factor of 12957480?
False
Is 16 a factor of 241027430?
False
Does 224 divide 82998496?
True
Is 29 a factor of 1390590136?
True
Does 488 divide 136452608?
True
Is 5487553 a multiple of 518?
False
Is 3463552118 a multiple of 34?
False
Is 568386315 a multiple of 405?
True
Is 114 a factor of 882427374?
True
Is 9853470 a multiple of 1665?
True
Is 106 a factor of 6442787124?
False
Is 4473 a factor of 70579717?
False
Is 25 a factor of 39218591?
False
Is 443 a factor of 26224125?
False
Is 8497986 a multiple of 174?
True
Is 11918735 a multiple of 322?
False
Is 251 a factor of 367112423?
False
Does 7 divide 86813538?
True
Is 81 a factor of 154586981?
False
Is 13 a factor of 7189498?
False
Does 67 divide 90261609?
False
Is 222921671 a multiple of 6703?
True
Is 11 a factor of 4162920?
False
Does 61 divide 4945738357?
False
Is 20957385 a multiple of 15?
True
Is 960790972 a multiple of 168?
False
Is 23 a factor of 274500557?
False
Is 263 a factor of 17706025?
False
Is 738634785 a multiple of 15?
True
Does 455 divide 57342333?
False
Is 1512366100 a multiple of 1580?
False
Is 2127 a factor of 986850314?
False
Is 22 a factor of 9509566?
True
Does 969 divide 5273113?
False
Does 18 divide 737804074?
False
Does 10 divide 26323196?
False
Is 12 a factor of 1106391564?
True
Is 467 a factor of 52162499?
True
Is 20 a factor of 5388950000?
True
Is 804421464 a multiple of 21?
True
Is 7062065 even?
False
Is 100843742 a multiple of 6320?
False
Does 9 divide 72760707?
True
Does 3 divide 11357139?
True
Does 295 divide 54911942?
False
Does 35 divide 999301590?
True
Does 132 divide 106310177?
False
Is 208219698 a multiple of 11?
False
Is 2280143138 a multiple of 182?
True
Does 1437 divide 20201127?
False
Is 146608470 a multiple of 217?
False
Is 93003051 a multiple of 2967?
False
Is 231368016 a multiple of 76?
True
Is 173693030 a multiple of 7?
True
Does 434 divide 30250234?
True
Is 413614080 a multiple of 36?
True
Does 31 divide 51263026?
True
Does 6 divide 320369796?
True
Is 268371792 a multiple of 24?
True
Does 82 divide 85620294?
False
Is 43552216 a multiple of 8?
True
Does 414 divide 34269822?
False
Is 48105524 a multiple of 22?
False
Is 603919569 a multiple of 15?
False
Is 53410995 a multiple of 78?
False
Does 78 divide 670784405?
False
Is 1837 a factor of 21530257?
False
Is 45390444 a multiple of 902?
True
Is 28978291 a multiple of 7?
False
Does 10 divide 445426000?
True
Is 1286299 a multiple of 3?
False
Is 33979442 a multiple of 109?
True
Does 270 divide 23802445?
False
Is 7080924 a multiple of 12?
True
Is 305591858 a multiple of 11?
True
Does 1585 divide 370671270?
True
Is 1864802660 a multiple of 4210?
True
Is 86221984 a multiple of 3056?
True
Is 1107 a factor of 1929944728?
False
Does 6 divide 44375978?
False
Is 640 a factor of 1901066880?
True
Does 99 divide 1341974007?
True
Is 147739927 a multiple of 6?
False
Does 28 divide 143392549?
False
Does 155 divide 175281628?
False
Is 18202137 a multiple of 13?
False
Is 12 a factor of 112083917?
False
Does 2 divide 21396114?
True
Is 32362206 a multiple of 72?
False
Is 719 a factor of 27811